 d**2 + d**3 + 34. What is the tens digit of z(0)?
3
Suppose 5*n + 3*t - 11 = 9, 2*n - 4*t = -18. Let q = 3 - n. Suppose 7 = q*s + 3. What is the units digit of s?
2
Suppose 0 = -2*l + 4 - 12. What is the tens digit of ((-6)/l)/((-12)/(-272))?
3
What is the hundreds digit of -48*(-6 - -4 - 2)?
1
Suppose 2*m = -8, 0 = l - 0*m - 3*m - 60. Suppose -5*d + d = -l. What is the tens digit of d?
1
Let o be 8/(-28) + (-65)/(-7). Let f = o - 4. Suppose 2*m = -n + 6, -60 = -2*n - 3*n + f*m. What is the tens digit of n?
1
Let n = 3 - 2. What is the units digit of ((-5)/2 + n)*-6?
9
Let k(g) = g**2 + 9*g + 1. Let f be k(-9). Let s(p) = 9*p + 1. What is the tens digit of s(f)?
1
Let b(o) = 4*o - 14. What is the units digit of b(16)?
0
Let o(z) = 5*z**2 - z - 5. Let g(p) = 4*p**2 - p - 4. Let t(n) = 4*g(n) - 3*o(n). What is the units digit of t(2)?
1
Suppose 76 = 2*x + 4*n, 5*x - n + 56 - 202 = 0. Let g = x + -16. What is the tens digit of g?
1
Let x = 5 - 0. Suppose -4*v + 19 = m + 2*m, -x*m = 5*v - 35. What is the units digit of m?
9
What is the units digit of 3*305/15 - 2?
9
Let k(p) = -p**2 + p + 9. Let d be (6/9)/(2/6). Let j be (d + -5)/6*0. What is the units digit of k(j)?
9
Suppose 5*n + 3 - 18 = 0. Suppose 3*h + n*f + 4 = 4*h, -2*h = -5*f - 7. What is the units digit of h?
1
Suppose r + 2*u - 11 = 0, -r + 5*u + 13 = 2. What is the units digit of (-390)/(-33) - (-2)/r?
2
Let w(f) = 4*f - 1. What is the units digit of w(11)?
3
Suppose 3*u = -u + 188. What is the tens digit of u?
4
Let g(s) be the third derivative of s**6/720 + s**5/20 - s**4/24 - s**2. Let v(z) be the second derivative of g(z). What is the units digit of v(-5)?
1
Suppose 5*w - 10 - 3 = -4*b, 5*b = 3*w + 7. Suppose 58 = b*u - 62. Suppose u = 3*i + 5*t, -15 = -3*t - 2*t. What is the units digit of i?
5
Let f(s) = -2*s - 9. What is the tens digit of f(-13)?
1
Let v(z) = -7 + 4 + 2 + 3*z**2. What is the units digit of v(-1)?
2
Suppose -c - 4 = -6. Suppose 14 = c*h - 16. What is the units digit of h?
5
Suppose 0*b = -b - 3. Suppose 2*m - 456 = -2*m. What is the tens digit of m/4*(-2)/b?
1
Let d(j) = j**3 - 8*j**2 + 5*j - 10. Let i be d(5). What is the units digit of (i/(-42))/((-1)/(-35))?
0
Let y be (-2)/(-4) - (-6)/4. Suppose y*s - 3 = 3*w, 0 = -2*w - 3*w + 2*s - 9. Let q = w - -9. What is the units digit of q?
6
Suppose -65*m + 813 = -62*m. What is the units digit of m?
1
Let v(s) = 3*s + 1. Let f(m) = -1. Let w(q) = f(q) + v(q). What is the units digit of w(1)?
3
Suppose x = -4*x + 10. What is the tens digit of ((-72)/(-27))/(x/27)?
3
Let t be -7 + 2 + (4 - 4). Let u = t - -9. What is the units digit of u?
4
Let x(p) = -p**3 - 2*p**2 + 7*p - 2. Let s be x(-5). Let o be (5/(-4))/(4/(-80)). Let a = s - o. What is the tens digit of a?
1
Suppose -2*p = -0*p - a + 6, 5*p = -2*a + 3. Let t(h) = -9*h + 1. Let y be t(p). Suppose -2*u - 4*f = -y, -3*f + f = 2*u - 8. What is the units digit of u?
3
Suppose -4*o + 8*o = 12. What is the tens digit of (8/o)/((-8)/(-60))?
2
Let w = 6 - 3. Suppose -7 = f + 2*j, 0 = 2*f + w*f + 5*j + 25. What is the units digit of 2/f*-3 + 10?
2
Let p = -19 + 34. Suppose y = 2*y - p. What is the units digit of y?
5
Let u = 6 + -2. Suppose 0*m - 4*m = -u*i - 12, -3*i + 39 = 5*m. What is the units digit of m?
6
Suppose 0 = 2*f - 5*f - 5*j + 20, -2*j - 4 = 0. What is the tens digit of f?
1
Suppose -2 - 2 = 4*i, 140 = 3*h - 2*i. What is the tens digit of h?
4
Suppose 4*k + 0 = -16. Let t = -2 - k. Suppose 3*l = -t*l + 45. What is the units digit of l?
9
Let t(a) = a**2 + 15*a + 20. Let y be t(-14). Suppose y*d = d + 110. What is the units digit of d?
2
Let o be 6/(-5)*(-20)/6. Suppose 2*i = 5*m - 18, 0*m - 20 = -2*m + o*i. What is the units digit of m?
2
Suppose 3*n - n = 62. What is the units digit of n?
1
Let i be 828/(-26) - 2/13. Let z = i + 62. What is the units digit of z?
0
Let d(k) = -k**3 - 5*k**2 - k - 4. Let u be d(-5). Suppose -5*w = -t - u + 30, 2*w = -5*t + 91. What is the tens digit of t?
1
Suppose 2*w - 18 - 4 = 3*o, -4*o = w + 11. Suppose -w = -3*g + 1. Suppose 2*b - 4*a - 20 = 0, 4*b + 0*b - g*a = 16. What is the units digit of b?
2
Let r(c) = c**2 - 3*c**2 + 6 + 13 + c**2. What is the units digit of r(0)?
9
Suppose -y = -5*u - 0*u + 5, 2*y = 5*u - 5. What is the units digit of u?
1
Let n = 83 - 58. What is the tens digit of n?
2
Let v be -2 + (-3 - -5) + 1. Let y = 11 + v. What is the tens digit of y?
1
Suppose -3*g + g - 3*w = 8, -g = 3*w + 10. Suppose -4*r - 18 - 2 = 0, -4*t + 4*r = -24. Let a = g - t. What is the units digit of a?
1
Let a be (3/(-6))/((-1)/14). Suppose 5*i - 176 = -2*m, a*i - 4*i = 5*m + 118. Suppose i = y + y. What is the tens digit of y?
1
What is the tens digit of (-1)/(-2) + (-561)/(-6)?
9
Let d(b) = 4 - 3*b + 5*b - 6 - 5. What is the units digit of d(4)?
1
Suppose 2 = 2*r - a + 3, 4*r = -2*a - 6. Let m = r - -10. What is the units digit of m?
9
Let s(v) = 112*v + 1. Let z be s(2). What is the tens digit of (-2)/(-7) + z/21?
1
Suppose 0*u + 86 = u - 2*c, -4*u - 2*c + 344 = 0. What is the tens digit of u?
8
Suppose -3*k = g + 32, 0*g + 108 = -4*g - 2*k. What is the tens digit of 4/((-1)/(g/4))?
2
Suppose 3*k = 5*k - 2, 2*u + 4*k - 42 = 0. What is the units digit of u?
9
What is the tens digit of (-2)/(3 - 16/5)?
1
Suppose 142 = -8*n + 10*n. What is the tens digit of n?
7
Let i = -20 + 49. Let z = i - 16. What is the tens digit of z?
1
Let p(q) = -q**3 - 3*q**2 - 2*q + 2. Let v be p(-2). Suppose -68 = v*t - 6*t. What is the tens digit of t?
1
What is the units digit of 376/10 + 16/40?
8
Let l(y) = 4*y**2 + 12*y - 9. Let h(v) = v**2 + 4*v - 3. Let d(z) = 7*h(z) - 2*l(z). What is the units digit of d(2)?
1
Suppose -25 = -3*k + 2*k. Suppose k + 19 = 4*s. What is the tens digit of s?
1
Suppose -5*y - 5*j + 420 = 0, 2*y - 169 = 2*j - 3*j. Suppose -w + y = 4*w. What is the units digit of w?
7
Let c be 60/9 + 4/12. Let o = 11 - c. What is the units digit of o?
4
Suppose -24 = -5*i + 51. Suppose -2*n = -3 - 45. Let j = n - i. What is the units digit of j?
9
Let v = -6 + 10. Let u be v*(2/(-2) - 0). Let f = u - -8. What is the units digit of f?
4
Let m(o) = o**3 - 5*o**2 + 5*o - 2. Let a be m(4). Suppose 18 = -y + 5*i, 3*y + 5*i - 30 = -a*y. Suppose -6 = -y*j + j. What is the units digit of j?
6
Let t = 89 + -63. Suppose -t = -4*j + 2*v, -j = -v - 1 - 8. Suppose 0 = 4*u + f + f - 24, u - 24 = j*f. What is the units digit of u?
8
Let y = 2 + 0. Suppose -z - y + 3 = 0. What is the units digit of (-10)/(-2) - (z - -1)?
3
Suppose -37 = -2*v + 9. What is the tens digit of v?
2
Let l(s) = s**3 + 31*s**2 - 69*s - 30. What is the units digit of l(-33)?
9
Let v = -93 - -143. Suppose 0 = -3*x + 9 - 0, 4*x = -2*q + v. What is the tens digit of q?
1
Suppose 4*y - 3*w + 2*w = 72, 3*y - 3*w = 45. Suppose 2*x = y - 1. What is the units digit of x?
9
Suppose 5*z + 3*k = 33, -14 = -2*z - 2*k - 0*k. Let i be 26/z - (-2)/(-6). Suppose -p = -3*c - 10, p + c = -i*c - 14. What is the units digit of p?
1
Suppose 6 = -0*r + 3*r. Let y(h) = 2*h**3 - 2*h - 4*h**2 - 3*h - r*h**3 - 2 - h**3. What is the tens digit of y(-4)?
1
Let d be (-8)/(-20) + (-3)/(-5). Let x = 3 - d. What is the units digit of x?
2
Let r = -24 - -34. What is the tens digit of r/(3/(-6)*-1)?
2
Let v = 370 + -261. Suppose -27 = 2*a - v. Let l = a + -28. What is the units digit of l?
3
Let b(t) = -45*t + 10. What is the hundreds digit of b(-3)?
1
What is the units digit of (-3)/6 + (-57)/(-2)?
8
Suppose 0 = 5*w - 32 + 22. Suppose 0 = -w*d + 5 + 3. What is the units digit of d?
4
Let z be 8 - -6*(-3)/6. Suppose 0 = -z*c + 18 + 22. What is the units digit of c?
8
Let a = -5 - -7. Let o be (0/a)/(-2 - -1). Suppose -2*g + 2 + 10 = o. What is the units digit of g?
6
Let n = 37 - 62. Let q be ((-105)/6)/((-1)/2). Let w = q + n. What is the units digit of w?
0
Suppose -129 = -3*r + 162. What is the tens digit of r?
9
Let r(y) = -26*y + 5. What is the units digit of r(-3)?
3
Suppose -a = 11 - 73. What is the tens digit of a?
6
Let g = 10 - -46. What is the units digit of (1/2)/(4/g)?
7
Let p(u) = -u**2 - 6*u - 1. Let n be p(-5). Suppose 0 = n*v + v - 145. Suppose -3*w - o + 17 = -3*o, -3*w + 5*o = -v. What is the units digit of w?
3
Let v(w) = 1 - w - w - w + 2*w. Let c be v(-8). What is the units dig